{"id":7315,"date":"2010-06-26T14:47:31","date_gmt":"2010-06-26T12:47:31","guid":{"rendered":"http:\/\/www.tribur.de\/blog\/?page_id=7315"},"modified":"2010-06-26T15:04:06","modified_gmt":"2010-06-26T13:04:06","slug":"der-papst-in-trebur-1052","status":"publish","type":"page","link":"https:\/\/www.tribur.de\/blog\/historisches\/der-papst-in-trebur-1052\/","title":{"rendered":"Der Papst in Trebur 1052"},"content":{"rendered":"<p>Am  6. November 1052 hilt sich Kaiser Heinrich III. in Begleitung von Papst Leo IX. in Trebur auf.<\/p>\n<p>Die Geschichte beginnt eigentlich schon fr\u00fcher, n\u00e4mlich 1040 als der  1005 geborene Suidger, Graf von Morsleben und Hornburg, Mitglied der  Hofkapelle Heinrichs III. von diesem zum Bischof von Bamberg ernannt  wird (sein Vorg\u00e4nger, der erste Bamberger Bischof Eberhard war Kanzler  des Reiches). 1046 herrscht in Rom Chaos &#8211;\u00a0 drei P\u00e4pste regieren  geichzeitig! Heinrich greift durch! Er \u201centl\u00e4sst\u201d die drei und setzt  Suitger als Clemens II. als Papst ein. Dieser bleibt,erstmalig in der  Geschichte, auch Bischof seines Bistums Bamberg. Zwar bleibt Clemens II.  nur 10 Monate im Amt, bevor er, wahrscheinlich vergiftet mit  Bleizucker, 1047 stirbt, dennoch setzte er einige wichtige Reformen  durch.\u00a0 Sein Wunsch war eine Bestattung im Bamberger Dom.<\/p>\n<p>1 1\/2 P\u00e4pste sp\u00e4ter (1049) wird in Worms(!), wahrscheinlich nicht  ohne Zutun Heinrichs III., dessen Vetter 2. Grades Bruno von  Egisheim-Dagsburg zum Papst Leo IX. gew\u00e4hlt. Leo tut sich als Reformer  hervor, bereist ganz Europa, sieht sich als Kontaktmann zwischen Volk  und Kurie, spaltet die die katholische und die orthodoxe Kirche und gilt  als bedeutendster deutscher Papst des Mittelalters.<\/p>\n<p>1052 besucht er zuerst Bamberg, m\u00f6glicherweise um die \u00dcberreste  Clemens II. nach Bamberg zu \u00fcberf\u00fchren, wo dieser heute noch ruht.\u00a0 Er  reist nach Lorsch um dort die Gruftkapelle\u00a0 der ostf\u00e4nkischen Karolinger  die \u201cecclesia varia\u201d neu zu weihen. Ein Hinweis wie wichtig die  Karolinger noch in Ihrer Bedeutung als Stammv\u00e4ter der Kaiser und K\u00f6nige  wahren.\u00a0 Anschlie\u00dfen reist er mit Heinrich III.\u00a0 30 km nach Norden (eine  Tagesreise), nach Trebur. Dort zeichnet er am 6. November eine Bulle  die dem Bistum Bamberg Sonderrechte garantiert die in Ihrer Urform auf  Clemens II. zur\u00fcckgehen. Die Modalit\u00e4ten wurden bei seinem fr\u00fcheren  Besuch in Bamberg ausgehandelt. Die Bamberger Empf\u00e4nger \u00fcberbr\u00fcckten die  knapp 180km Luftlinie nach Trebur wahrscheinlich mittels Schiff \u00fcber  den Main, was eine wesentlich schnellere Anreise erm\u00f6glichte.<\/p>\n<p>Wieder einmal ist es die gute Lage und Erreichbarkeit Treburs die es  zum Ort des Geschehens werden l\u00e4sst.<\/p>\n","protected":false},"excerpt":{"rendered":"<p>Am 6. November 1052 hilt sich Kaiser Heinrich III. in Begleitung von Papst Leo IX. in Trebur auf. Die Geschichte beginnt eigentlich schon fr\u00fcher, n\u00e4mlich 1040 als der 1005 geborene Suidger, Graf von Morsleben&#46;&#46;&#46;<\/p>\n","protected":false},"author":2,"featured_media":0,"parent":7284,"menu_order":5,"comment_status":"open","ping_status":"open","template":"","meta":{"jetpack_post_was_ever_published":false,"footnotes":""},"class_list":["post-7315","page","type-page","status-publish","hentry"],"yoast_head":"<!-- This site is optimized with the Yoast SEO plugin v27.4 - https:\/\/yoast.com\/product\/yoast-seo-wordpress\/ -->\n<title>Der Papst in Trebur 1052 - Tribur.de<\/title>\n<meta name=\"robots\" content=\"index, follow, max-snippet:-1, max-image-preview:large, max-video-preview:-1\" \/>\n<link rel=\"canonical\" href=\"https:\/\/www.tribur.de\/blog\/historisches\/der-papst-in-trebur-1052\/\" \/>\n<meta property=\"og:locale\" content=\"de_DE\" \/>\n<meta property=\"og:type\" content=\"article\" \/>\n<meta property=\"og:title\" content=\"Der Papst in Trebur 1052 - Tribur.de\" \/>\n<meta property=\"og:description\" content=\"Am 6. November 1052 hilt sich Kaiser Heinrich III. in Begleitung von Papst Leo IX. in Trebur auf. Die Geschichte beginnt eigentlich schon fr\u00fcher, n\u00e4mlich 1040 als der 1005 geborene Suidger, Graf von Morsleben&#046;&#046;&#046;\" \/>\n<meta property=\"og:url\" content=\"https:\/\/www.tribur.de\/blog\/historisches\/der-papst-in-trebur-1052\/\" \/>\n<meta property=\"og:site_name\" content=\"Tribur.de\" \/>\n<meta property=\"article:publisher\" content=\"http:\/\/www.facebook.com\/pages\/Triburde\/184352328288771\" \/>\n<meta property=\"article:modified_time\" content=\"2010-06-26T13:04:06+00:00\" \/>\n<meta property=\"og:image\" content=\"https:\/\/i0.wp.com\/www.tribur.de\/blog\/wp-content\/uploads\/2018\/09\/cropped-logotest-2.jpg?fit=200%2C200&ssl=1\" \/>\n\t<meta property=\"og:image:width\" content=\"200\" \/>\n\t<meta property=\"og:image:height\" content=\"200\" \/>\n\t<meta property=\"og:image:type\" content=\"image\/jpeg\" \/>\n<meta name=\"twitter:card\" content=\"summary_large_image\" \/>\n<meta name=\"twitter:site\" content=\"@tribur\" \/>\n<meta name=\"twitter:label1\" content=\"Gesch\u00e4tzte Lesezeit\" \/>\n\t<meta name=\"twitter:data1\" content=\"2\u00a0Minuten\" \/>\n<script type=\"application\/ld+json\" class=\"yoast-schema-graph\">{\"@context\":\"https:\\\/\\\/schema.org\",\"@graph\":[{\"@type\":\"WebPage\",\"@id\":\"https:\\\/\\\/www.tribur.de\\\/blog\\\/historisches\\\/der-papst-in-trebur-1052\\\/\",\"url\":\"https:\\\/\\\/www.tribur.de\\\/blog\\\/historisches\\\/der-papst-in-trebur-1052\\\/\",\"name\":\"Der Papst in Trebur 1052 - Tribur.de\",\"isPartOf\":{\"@id\":\"https:\\\/\\\/www.tribur.de\\\/blog\\\/#website\"},\"datePublished\":\"2010-06-26T12:47:31+00:00\",\"dateModified\":\"2010-06-26T13:04:06+00:00\",\"breadcrumb\":{\"@id\":\"https:\\\/\\\/www.tribur.de\\\/blog\\\/historisches\\\/der-papst-in-trebur-1052\\\/#breadcrumb\"},\"inLanguage\":\"de\",\"potentialAction\":[{\"@type\":\"ReadAction\",\"target\":[\"https:\\\/\\\/www.tribur.de\\\/blog\\\/historisches\\\/der-papst-in-trebur-1052\\\/\"]}]},{\"@type\":\"BreadcrumbList\",\"@id\":\"https:\\\/\\\/www.tribur.de\\\/blog\\\/historisches\\\/der-papst-in-trebur-1052\\\/#breadcrumb\",\"itemListElement\":[{\"@type\":\"ListItem\",\"position\":1,\"name\":\"Home\",\"item\":\"https:\\\/\\\/www.tribur.de\\\/blog\\\/\"},{\"@type\":\"ListItem\",\"position\":2,\"name\":\"Historisches\",\"item\":\"https:\\\/\\\/www.tribur.de\\\/blog\\\/historisches\\\/\"},{\"@type\":\"ListItem\",\"position\":3,\"name\":\"Der Papst in Trebur 1052\"}]},{\"@type\":\"WebSite\",\"@id\":\"https:\\\/\\\/www.tribur.de\\\/blog\\\/#website\",\"url\":\"https:\\\/\\\/www.tribur.de\\\/blog\\\/\",\"name\":\"Tribur.de\",\"description\":\"Tribur.de - Geschichte und so Zeugs\",\"publisher\":{\"@id\":\"https:\\\/\\\/www.tribur.de\\\/blog\\\/#\\\/schema\\\/person\\\/3119997f09f43791809c2d1af27bba6c\"},\"potentialAction\":[{\"@type\":\"SearchAction\",\"target\":{\"@type\":\"EntryPoint\",\"urlTemplate\":\"https:\\\/\\\/www.tribur.de\\\/blog\\\/?s={search_term_string}\"},\"query-input\":{\"@type\":\"PropertyValueSpecification\",\"valueRequired\":true,\"valueName\":\"search_term_string\"}}],\"inLanguage\":\"de\"},{\"@type\":[\"Person\",\"Organization\"],\"@id\":\"https:\\\/\\\/www.tribur.de\\\/blog\\\/#\\\/schema\\\/person\\\/3119997f09f43791809c2d1af27bba6c\",\"name\":\"Markus Zwittmeier\",\"image\":{\"@type\":\"ImageObject\",\"inLanguage\":\"de\",\"@id\":\"https:\\\/\\\/i0.wp.com\\\/www.tribur.de\\\/blog\\\/wp-content\\\/uploads\\\/2018\\\/09\\\/cropped-logotest-4.jpg?fit=200%2C200&ssl=1\",\"url\":\"https:\\\/\\\/i0.wp.com\\\/www.tribur.de\\\/blog\\\/wp-content\\\/uploads\\\/2018\\\/09\\\/cropped-logotest-4.jpg?fit=200%2C200&ssl=1\",\"contentUrl\":\"https:\\\/\\\/i0.wp.com\\\/www.tribur.de\\\/blog\\\/wp-content\\\/uploads\\\/2018\\\/09\\\/cropped-logotest-4.jpg?fit=200%2C200&ssl=1\",\"width\":200,\"height\":200,\"caption\":\"Markus Zwittmeier\"},\"logo\":{\"@id\":\"https:\\\/\\\/i0.wp.com\\\/www.tribur.de\\\/blog\\\/wp-content\\\/uploads\\\/2018\\\/09\\\/cropped-logotest-4.jpg?fit=200%2C200&ssl=1\"},\"sameAs\":[\"http:\\\/\\\/www.Tribur.de\",\"http:\\\/\\\/www.facebook.com\\\/pages\\\/Triburde\\\/184352328288771\",\"https:\\\/\\\/www.instagram.com\\\/tribur.de\\\/\",\"https:\\\/\\\/x.com\\\/https:\\\/\\\/twitter.com\\\/tribur\",\"https:\\\/\\\/www.youtube.com\\\/channel\\\/UCnEonou-x6_P4XPjBk2htCA\"]}]}<\/script>\n<!-- \/ Yoast SEO plugin. -->","yoast_head_json":{"title":"Der Papst in Trebur 1052 - Tribur.de","robots":{"index":"index","follow":"follow","max-snippet":"max-snippet:-1","max-image-preview":"max-image-preview:large","max-video-preview":"max-video-preview:-1"},"canonical":"https:\/\/www.tribur.de\/blog\/historisches\/der-papst-in-trebur-1052\/","og_locale":"de_DE","og_type":"article","og_title":"Der Papst in Trebur 1052 - Tribur.de","og_description":"Am 6. November 1052 hilt sich Kaiser Heinrich III. in Begleitung von Papst Leo IX. in Trebur auf. Die Geschichte beginnt eigentlich schon fr\u00fcher, n\u00e4mlich 1040 als der 1005 geborene Suidger, Graf von Morsleben&#46;&#46;&#46;","og_url":"https:\/\/www.tribur.de\/blog\/historisches\/der-papst-in-trebur-1052\/","og_site_name":"Tribur.de","article_publisher":"http:\/\/www.facebook.com\/pages\/Triburde\/184352328288771","article_modified_time":"2010-06-26T13:04:06+00:00","og_image":[{"width":200,"height":200,"url":"https:\/\/i0.wp.com\/www.tribur.de\/blog\/wp-content\/uploads\/2018\/09\/cropped-logotest-2.jpg?fit=200%2C200&ssl=1","type":"image\/jpeg"}],"twitter_card":"summary_large_image","twitter_site":"@tribur","twitter_misc":{"Gesch\u00e4tzte Lesezeit":"2\u00a0Minuten"},"schema":{"@context":"https:\/\/schema.org","@graph":[{"@type":"WebPage","@id":"https:\/\/www.tribur.de\/blog\/historisches\/der-papst-in-trebur-1052\/","url":"https:\/\/www.tribur.de\/blog\/historisches\/der-papst-in-trebur-1052\/","name":"Der Papst in Trebur 1052 - Tribur.de","isPartOf":{"@id":"https:\/\/www.tribur.de\/blog\/#website"},"datePublished":"2010-06-26T12:47:31+00:00","dateModified":"2010-06-26T13:04:06+00:00","breadcrumb":{"@id":"https:\/\/www.tribur.de\/blog\/historisches\/der-papst-in-trebur-1052\/#breadcrumb"},"inLanguage":"de","potentialAction":[{"@type":"ReadAction","target":["https:\/\/www.tribur.de\/blog\/historisches\/der-papst-in-trebur-1052\/"]}]},{"@type":"BreadcrumbList","@id":"https:\/\/www.tribur.de\/blog\/historisches\/der-papst-in-trebur-1052\/#breadcrumb","itemListElement":[{"@type":"ListItem","position":1,"name":"Home","item":"https:\/\/www.tribur.de\/blog\/"},{"@type":"ListItem","position":2,"name":"Historisches","item":"https:\/\/www.tribur.de\/blog\/historisches\/"},{"@type":"ListItem","position":3,"name":"Der Papst in Trebur 1052"}]},{"@type":"WebSite","@id":"https:\/\/www.tribur.de\/blog\/#website","url":"https:\/\/www.tribur.de\/blog\/","name":"Tribur.de","description":"Tribur.de - Geschichte und so Zeugs","publisher":{"@id":"https:\/\/www.tribur.de\/blog\/#\/schema\/person\/3119997f09f43791809c2d1af27bba6c"},"potentialAction":[{"@type":"SearchAction","target":{"@type":"EntryPoint","urlTemplate":"https:\/\/www.tribur.de\/blog\/?s={search_term_string}"},"query-input":{"@type":"PropertyValueSpecification","valueRequired":true,"valueName":"search_term_string"}}],"inLanguage":"de"},{"@type":["Person","Organization"],"@id":"https:\/\/www.tribur.de\/blog\/#\/schema\/person\/3119997f09f43791809c2d1af27bba6c","name":"Markus Zwittmeier","image":{"@type":"ImageObject","inLanguage":"de","@id":"https:\/\/i0.wp.com\/www.tribur.de\/blog\/wp-content\/uploads\/2018\/09\/cropped-logotest-4.jpg?fit=200%2C200&ssl=1","url":"https:\/\/i0.wp.com\/www.tribur.de\/blog\/wp-content\/uploads\/2018\/09\/cropped-logotest-4.jpg?fit=200%2C200&ssl=1","contentUrl":"https:\/\/i0.wp.com\/www.tribur.de\/blog\/wp-content\/uploads\/2018\/09\/cropped-logotest-4.jpg?fit=200%2C200&ssl=1","width":200,"height":200,"caption":"Markus Zwittmeier"},"logo":{"@id":"https:\/\/i0.wp.com\/www.tribur.de\/blog\/wp-content\/uploads\/2018\/09\/cropped-logotest-4.jpg?fit=200%2C200&ssl=1"},"sameAs":["http:\/\/www.Tribur.de","http:\/\/www.facebook.com\/pages\/Triburde\/184352328288771","https:\/\/www.instagram.com\/tribur.de\/","https:\/\/x.com\/https:\/\/twitter.com\/tribur","https:\/\/www.youtube.com\/channel\/UCnEonou-x6_P4XPjBk2htCA"]}]}},"jetpack_shortlink":"https:\/\/wp.me\/P1mHPu-1TZ","jetpack_sharing_enabled":true,"_links":{"self":[{"href":"https:\/\/www.tribur.de\/blog\/wp-json\/wp\/v2\/pages\/7315","targetHints":{"allow":["GET"]}}],"collection":[{"href":"https:\/\/www.tribur.de\/blog\/wp-json\/wp\/v2\/pages"}],"about":[{"href":"https:\/\/www.tribur.de\/blog\/wp-json\/wp\/v2\/types\/page"}],"author":[{"embeddable":true,"href":"https:\/\/www.tribur.de\/blog\/wp-json\/wp\/v2\/users\/2"}],"replies":[{"embeddable":true,"href":"https:\/\/www.tribur.de\/blog\/wp-json\/wp\/v2\/comments?post=7315"}],"version-history":[{"count":4,"href":"https:\/\/www.tribur.de\/blog\/wp-json\/wp\/v2\/pages\/7315\/revisions"}],"predecessor-version":[{"id":7317,"href":"https:\/\/www.tribur.de\/blog\/wp-json\/wp\/v2\/pages\/7315\/revisions\/7317"}],"up":[{"embeddable":true,"href":"https:\/\/www.tribur.de\/blog\/wp-json\/wp\/v2\/pages\/7284"}],"wp:attachment":[{"href":"https:\/\/www.tribur.de\/blog\/wp-json\/wp\/v2\/media?parent=7315"}],"curies":[{"name":"wp","href":"https:\/\/api.w.org\/{rel}","templated":true}]}}

<p>Am  6. November 1052 hilt sich Kaiser Heinrich III. in Begleitung von Papst Leo IX. in Trebur auf.</p>
<p>Die Geschichte beginnt eigentlich schon früher, nämlich 1040 als der  1005 geborene Suidger, Graf von Morsleben und Hornburg, Mitglied der  Hofkapelle Heinrichs III. von diesem zum Bischof von Bamberg ernannt  wird (sein Vorgänger, der erste Bamberger Bischof Eberhard war Kanzler  des Reiches). 1046 herrscht in Rom Chaos &#8211;  drei Päpste regieren  geichzeitig! Heinrich greift durch! Er “entlässt” die drei und setzt  Suitger als Clemens II. als Papst ein. Dieser bleibt,erstmalig in der  Geschichte, auch Bischof seines Bistums Bamberg. Zwar bleibt Clemens II.  nur 10 Monate im Amt, bevor er, wahrscheinlich vergiftet mit  Bleizucker, 1047 stirbt, dennoch setzte er einige wichtige Reformen  durch.  Sein Wunsch war eine Bestattung im Bamberger Dom.</p>
<p>1 1/2 Päpste später (1049) wird in Worms(!), wahrscheinlich nicht  ohne Zutun Heinrichs III., dessen Vetter 2. Grades Bruno von  Egisheim-Dagsburg zum Papst Leo IX. gewählt. Leo tut sich als Reformer  hervor, bereist ganz Europa, sieht sich als Kontaktmann zwischen Volk  und Kurie, spaltet die die katholische und die orthodoxe Kirche und gilt  als bedeutendster deutscher Papst des Mittelalters.</p>
<p>1052 besucht er zuerst Bamberg, möglicherweise um die Überreste  Clemens II. nach Bamberg zu überführen, wo dieser heute noch ruht.  Er  reist nach Lorsch um dort die Gruftkapelle  der ostfänkischen Karolinger  die “ecclesia varia” neu zu weihen. Ein Hinweis wie wichtig die  Karolinger noch in Ihrer Bedeutung als Stammväter der Kaiser und Könige  wahren.  Anschließen reist er mit Heinrich III.  30 km nach Norden (eine  Tagesreise), nach Trebur. Dort zeichnet er am 6. November eine Bulle  die dem Bistum Bamberg Sonderrechte garantiert die in Ihrer Urform auf  Clemens II. zurückgehen. Die Modalitäten wurden bei seinem früheren  Besuch in Bamberg ausgehandelt. Die Bamberger Empfänger überbrückten die  knapp 180km Luftlinie nach Trebur wahrscheinlich mittels Schiff über  den Main, was eine wesentlich schnellere Anreise ermöglichte.</p>
<p>Wieder einmal ist es die gute Lage und Erreichbarkeit Treburs die es  zum Ort des Geschehens werden lässt.</p>

<p>Am 6. November 1052 hilt sich Kaiser Heinrich III. in Begleitung von Papst Leo IX. in Trebur auf. Die Geschichte beginnt eigentlich schon früher, nämlich 1040 als der 1005 geborene Suidger, Graf von Morsleben&#46;&#46;&#46;</p>

<!-- This site is optimized with the Yoast SEO plugin v27.4 - https://yoast.com/product/yoast-seo-wordpress/ -->
<title>Der Papst in Trebur 1052 - Tribur.de</title>
<meta name="robots" content="index, follow, max-snippet:-1, max-image-preview:large, max-video-preview:-1" />
<link rel="canonical" href="https://www.tribur.de/blog/historisches/der-papst-in-trebur-1052/" />
<meta property="og:locale" content="de_DE" />
<meta property="og:type" content="article" />
<meta property="og:title" content="Der Papst in Trebur 1052 - Tribur.de" />
<meta property="og:description" content="Am 6. November 1052 hilt sich Kaiser Heinrich III. in Begleitung von Papst Leo IX. in Trebur auf. Die Geschichte beginnt eigentlich schon früher, nämlich 1040 als der 1005 geborene Suidger, Graf von Morsleben&#046;&#046;&#046;" />
<meta property="og:url" content="https://www.tribur.de/blog/historisches/der-papst-in-trebur-1052/" />
<meta property="og:site_name" content="Tribur.de" />
<meta property="article:publisher" content="http://www.facebook.com/pages/Triburde/184352328288771" />
<meta property="article:modified_time" content="2010-06-26T13:04:06+00:00" />
<meta property="og:image" content="https://i0.wp.com/www.tribur.de/blog/wp-content/uploads/2018/09/cropped-logotest-2.jpg?fit=200%2C200&ssl=1" />
	<meta property="og:image:width" content="200" />
	<meta property="og:image:height" content="200" />
	<meta property="og:image:type" content="image/jpeg" />
<meta name="twitter:card" content="summary_large_image" />
<meta name="twitter:site" content="@tribur" />
<meta name="twitter:label1" content="Geschätzte Lesezeit" />
	<meta name="twitter:data1" content="2 Minuten" />
<script type="application/ld+json" class="yoast-schema-graph">{"@context":"https:\/\/schema.org","@graph":[{"@type":"WebPage","@id":"https:\/\/www.tribur.de\/blog\/historisches\/der-papst-in-trebur-1052\/","url":"https:\/\/www.tribur.de\/blog\/historisches\/der-papst-in-trebur-1052\/","name":"Der Papst in Trebur 1052 - Tribur.de","isPartOf":{"@id":"https:\/\/www.tribur.de\/blog\/#website"},"datePublished":"2010-06-26T12:47:31+00:00","dateModified":"2010-06-26T13:04:06+00:00","breadcrumb":{"@id":"https:\/\/www.tribur.de\/blog\/historisches\/der-papst-in-trebur-1052\/#breadcrumb"},"inLanguage":"de","potentialAction":[{"@type":"ReadAction","target":["https:\/\/www.tribur.de\/blog\/historisches\/der-papst-in-trebur-1052\/"]}]},{"@type":"BreadcrumbList","@id":"https:\/\/www.tribur.de\/blog\/historisches\/der-papst-in-trebur-1052\/#breadcrumb","itemListElement":[{"@type":"ListItem","position":1,"name":"Home","item":"https:\/\/www.tribur.de\/blog\/"},{"@type":"ListItem","position":2,"name":"Historisches","item":"https:\/\/www.tribur.de\/blog\/historisches\/"},{"@type":"ListItem","position":3,"name":"Der Papst in Trebur 1052"}]},{"@type":"WebSite","@id":"https:\/\/www.tribur.de\/blog\/#website","url":"https:\/\/www.tribur.de\/blog\/","name":"Tribur.de","description":"Tribur.de - Geschichte und so Zeugs","publisher":{"@id":"https:\/\/www.tribur.de\/blog\/#\/schema\/person\/3119997f09f43791809c2d1af27bba6c"},"potentialAction":[{"@type":"SearchAction","target":{"@type":"EntryPoint","urlTemplate":"https:\/\/www.tribur.de\/blog\/?s={search_term_string}"},"query-input":{"@type":"PropertyValueSpecification","valueRequired":true,"valueName":"search_term_string"}}],"inLanguage":"de"},{"@type":["Person","Organization"],"@id":"https:\/\/www.tribur.de\/blog\/#\/schema\/person\/3119997f09f43791809c2d1af27bba6c","name":"Markus Zwittmeier","image":{"@type":"ImageObject","inLanguage":"de","@id":"https:\/\/i0.wp.com\/www.tribur.de\/blog\/wp-content\/uploads\/2018\/09\/cropped-logotest-4.jpg?fit=200%2C200&ssl=1","url":"https:\/\/i0.wp.com\/www.tribur.de\/blog\/wp-content\/uploads\/2018\/09\/cropped-logotest-4.jpg?fit=200%2C200&ssl=1","contentUrl":"https:\/\/i0.wp.com\/www.tribur.de\/blog\/wp-content\/uploads\/2018\/09\/cropped-logotest-4.jpg?fit=200%2C200&ssl=1","width":200,"height":200,"caption":"Markus Zwittmeier"},"logo":{"@id":"https:\/\/i0.wp.com\/www.tribur.de\/blog\/wp-content\/uploads\/2018\/09\/cropped-logotest-4.jpg?fit=200%2C200&ssl=1"},"sameAs":["http:\/\/www.Tribur.de","http:\/\/www.facebook.com\/pages\/Triburde\/184352328288771","https:\/\/www.instagram.com\/tribur.de\/","https:\/\/x.com\/https:\/\/twitter.com\/tribur","https:\/\/www.youtube.com\/channel\/UCnEonou-x6_P4XPjBk2htCA"]}]}</script>
<!-- / Yoast SEO plugin. -->

Am 6. November 1052 hilt sich Kaiser Heinrich III. in Begleitung von Papst Leo IX. in Trebur auf. Die Geschichte beginnt eigentlich schon früher, nämlich 1040 als der 1005 geborene Suidger, Graf von Morsleben&#46;&#46;&#46;
