{"id":7313,"date":"2010-06-26T14:42:14","date_gmt":"2010-06-26T12:42:14","guid":{"rendered":"http:\/\/www.tribur.de\/blog\/?page_id=7313"},"modified":"2010-07-31T20:42:33","modified_gmt":"2010-07-31T18:42:33","slug":"absetzung-karls-iii-887","status":"publish","type":"page","link":"https:\/\/www.tribur.de\/blog\/historisches\/absetzung-karls-iii-887\/","title":{"rendered":"Absetzung Karls III. 887"},"content":{"rendered":"<div style=\"width: 186px\" class=\"wp-caption alignleft\"><img data-recalc-dims=\"1\" loading=\"lazy\" decoding=\"async\" title=\"Karl III.\" src=\"https:\/\/i0.wp.com\/www.tribur.de\/Karen\/Tribur\/karliii.gif?resize=176%2C168\" alt=\"Karl III.\" width=\"176\" height=\"168\" \/><p class=\"wp-caption-text\">Karl III.<\/p><\/div>\n<p>Karl III. oftmals auch als Karl der Dicke bezeichnet, war der letzte karolingische Herrscher der alle Teilreiche in Personalunion regierte und damit noch einmal das Reich Karl des Gro\u00dfen zusammenf\u00fchrte.<\/p>\n<p>Karl, Sohn Ludwigs des Deutschen erhielt zun\u00e4chst, nach dem Tode seinens Vaters 876 Alamanien und Churr\u00e4tien. Als sein Bruder Karlmann so schwer erkrankte das dieser Regierungsunf\u00e4hig wurde, erhielt er von diesem das K\u00f6nigreich Italien,\u00a0 w\u00e4hrend Ludwig III., Bruder der Beiden, Baiern erhielt.\u00a0 881 wurde Karl in Rom zum Kaiser gekr\u00f6nt. Als auch\u00a0 Ludwig III. 882 ohne Nachkommen zu hinterlassen in Frankfurt verstarb, erhielt Karl III. auch dessen Teilreich und war so im Besitzt des gesamten Ostreiches.<\/p>\n<p>882 schloss Karl III. einen &#8222;Nichtangriffspakt&#8220; mit den Normannen, nachdem diese 880\/881 die Pfalz Nimwegen erobert und niedergebrannt hatten und 881  auch Aachen, Trier, K\u00f6ln, Bonn, Neuss verw\u00fcsteten und bis nach Mainz  vordrangen. Ihm blieb wohl keine andere Wahl, denn gleichzeitigt musste er bis 884 gegen den M\u00e4hrischen F\u00fcrsten Swatopluk in der Ostmark Baierns k\u00e4mpfen, der im Hintergrund von Arnulf von K\u00e4rnten aufgewiegelt worden war.<\/p>\n<p>884 starb auch Karlmann, Neffe Karls und K\u00f6nig des westfr\u00e4nkischen Reiches, ohne Nachkommen.\u00a0 Karl III. war auf dem H\u00f6hepunkt seiner Macht, war er doch nun Herrscher im gesamten Fr\u00e4nkischen Reich wie einst sein Urgro\u00dfvater Karl der Gro\u00dfe. Die Westfranken erhofften sich von Karl ein hartes Vorgehen gegen die Normannen, die seit diesem Jahr wieder verst\u00e4rkt Westfranken heimsuchten. Jodoch hatte schon der teuer erkaufte Nichtangriffspakt mit den Normannen an seinem Ansehen gekratzt.<\/p>\n<p>Karl III. ger\u00e4t immer mehr in Bedr\u00e4ngniss, eilt von einem Schlachtfeld zum anderen. 886 kann er die Normannen wieder nur mit einer Vereinbarung von Paris fernhalten. er sichert ihnen L\u00f6segelder f\u00fcr Gefangene zu, sowie die \u00dcberwinterung in Burgund, womit er die Region quasi zur Pl\u00fcnderung freigibt. Ein zeitgen\u00f6ssischer Kommentator schreibtvon einem &#8222;wahrhaft allzu erb\u00e4rmlichen Ratschlu\u00df&#8220;.<\/p>\n<p>Ende des Jahres 886 wird Karls Erkrankung, er leidet wohl durch die erbliche Epilepsie der Karolinger an unertr\u00e4glichen Kopfschmerzen (wenn da nicht mal der Stress dazu kam \ud83d\ude09 ), immer schlimmer, so das er sich in der Fastenzeit in der Pfalz Bodman einem Aderla\u00df unterzieht (in veralteten Texten,\u00a0 durch Falsch\u00fcbersetzung als Sch\u00e4del\u00f6ffnung bezeichnet). Karl sp\u00fcrt das es nicht zu seinen Gunsten l\u00e4uft und versucht, da er keinen leiblichen Sohn hat, den wohl 6 j\u00e4hrigen Sohn von\u00a0 Boso von Vienne, Ludwig, zu seinem Nachfolger zu machen. Womit er seinen, wenn auch illegitimen Neffen,\u00a0 Arnulf von K\u00e4rnten, der schon seit langem seine Chance sucht, \u00f6ffentlich br\u00fcskiert.<\/p>\n<div style=\"width: 218px\" class=\"wp-caption alignleft\"><img data-recalc-dims=\"1\" loading=\"lazy\" decoding=\"async\" class=\"  \" title=\"Arnulf von K\u00e4rnten\" src=\"https:\/\/i0.wp.com\/www.tribur.de\/Karen\/Tribur\/Arnulf.gif?resize=208%2C191\" alt=\"Arnulf von K\u00e4rnten\" width=\"208\" height=\"191\" \/><p class=\"wp-caption-text\">Arnulf von K\u00e4rnten<\/p><\/div>\n<p>Im November 887 wir Karl III. zu einer Reichsversammlung der Ostfr\u00e4nkischen F\u00fcrsten nach Tribur gerufen. Er soll sich f\u00fcr sein Verhalten gegen\u00fcber den Normannen rechtfertigen. Karl erf\u00e4hrt das Arnulf von K\u00e4rnten mit einem Heer aus Baiern und Slawen in Richtung Tribur zieht und versucht die anwesenden F\u00fcrsten f\u00fcr sich zu gewinnen. Vergeblich! Karl flieht noch nach Frankfurt muss aber dort abdanken. Ihm wird der K\u00f6nigshof in Neudingen an der Donau zuerkannt,wohin er ins Exil gehen muss, w\u00e4hrend Arnulf neuer K\u00f6nig des Ostreiches wird. Defacto ist Karl III. zwar noch K\u00f6nig des Westreiches aber aller Handlungsf\u00e4higkeit beraubt und stirbt schon im 13. Januar 888. Im Westreich kommt Odo von Paris, ein Robertiner, an die Macht.<\/p>\n<p>Unter Arnulf beginnt eine Bl\u00fctezeit der Pfalz Tribur.<\/p>\n<p><span style=\"font-family: Arial,Helvetica,sans-serif; font-size: x-small;\"> <\/span><\/p>\n","protected":false},"excerpt":{"rendered":"<p>Karl III. oftmals auch als Karl der Dicke bezeichnet, war der letzte karolingische Herrscher der alle Teilreiche in Personalunion regierte und damit noch einmal das Reich Karl des Gro\u00dfen zusammenf\u00fchrte. Karl, Sohn Ludwigs des&#46;&#46;&#46;<\/p>\n","protected":false},"author":2,"featured_media":0,"parent":7284,"menu_order":2,"comment_status":"open","ping_status":"open","template":"","meta":{"jetpack_post_was_ever_published":false,"footnotes":""},"class_list":["post-7313","page","type-page","status-publish","hentry"],"yoast_head":"<!-- This site is optimized with the Yoast SEO plugin v27.4 - https:\/\/yoast.com\/product\/yoast-seo-wordpress\/ -->\n<title>Absetzung Karls III. 887 - Tribur.de<\/title>\n<meta name=\"robots\" content=\"index, follow, max-snippet:-1, max-image-preview:large, max-video-preview:-1\" \/>\n<link rel=\"canonical\" href=\"https:\/\/www.tribur.de\/blog\/historisches\/absetzung-karls-iii-887\/\" \/>\n<meta property=\"og:locale\" content=\"de_DE\" \/>\n<meta property=\"og:type\" content=\"article\" \/>\n<meta property=\"og:title\" content=\"Absetzung Karls III. 887 - Tribur.de\" \/>\n<meta property=\"og:description\" content=\"Karl III. oftmals auch als Karl der Dicke bezeichnet, war der letzte karolingische Herrscher der alle Teilreiche in Personalunion regierte und damit noch einmal das Reich Karl des Gro\u00dfen zusammenf\u00fchrte. Karl, Sohn Ludwigs des&#046;&#046;&#046;\" \/>\n<meta property=\"og:url\" content=\"https:\/\/www.tribur.de\/blog\/historisches\/absetzung-karls-iii-887\/\" \/>\n<meta property=\"og:site_name\" content=\"Tribur.de\" \/>\n<meta property=\"article:publisher\" content=\"http:\/\/www.facebook.com\/pages\/Triburde\/184352328288771\" \/>\n<meta property=\"article:modified_time\" content=\"2010-07-31T18:42:33+00:00\" \/>\n<meta property=\"og:image\" content=\"http:\/\/www.tribur.de\/Karen\/Tribur\/karliii.gif\" \/>\n<meta name=\"twitter:card\" content=\"summary_large_image\" \/>\n<meta name=\"twitter:site\" content=\"@tribur\" \/>\n<meta name=\"twitter:label1\" content=\"Gesch\u00e4tzte Lesezeit\" \/>\n\t<meta name=\"twitter:data1\" content=\"3\u00a0Minuten\" \/>\n<script type=\"application\/ld+json\" class=\"yoast-schema-graph\">{\"@context\":\"https:\\\/\\\/schema.org\",\"@graph\":[{\"@type\":\"WebPage\",\"@id\":\"https:\\\/\\\/www.tribur.de\\\/blog\\\/historisches\\\/absetzung-karls-iii-887\\\/\",\"url\":\"https:\\\/\\\/www.tribur.de\\\/blog\\\/historisches\\\/absetzung-karls-iii-887\\\/\",\"name\":\"Absetzung Karls III. 887 - Tribur.de\",\"isPartOf\":{\"@id\":\"https:\\\/\\\/www.tribur.de\\\/blog\\\/#website\"},\"primaryImageOfPage\":{\"@id\":\"https:\\\/\\\/www.tribur.de\\\/blog\\\/historisches\\\/absetzung-karls-iii-887\\\/#primaryimage\"},\"image\":{\"@id\":\"https:\\\/\\\/www.tribur.de\\\/blog\\\/historisches\\\/absetzung-karls-iii-887\\\/#primaryimage\"},\"thumbnailUrl\":\"http:\\\/\\\/www.tribur.de\\\/Karen\\\/Tribur\\\/karliii.gif\",\"datePublished\":\"2010-06-26T12:42:14+00:00\",\"dateModified\":\"2010-07-31T18:42:33+00:00\",\"breadcrumb\":{\"@id\":\"https:\\\/\\\/www.tribur.de\\\/blog\\\/historisches\\\/absetzung-karls-iii-887\\\/#breadcrumb\"},\"inLanguage\":\"de\",\"potentialAction\":[{\"@type\":\"ReadAction\",\"target\":[\"https:\\\/\\\/www.tribur.de\\\/blog\\\/historisches\\\/absetzung-karls-iii-887\\\/\"]}]},{\"@type\":\"ImageObject\",\"inLanguage\":\"de\",\"@id\":\"https:\\\/\\\/www.tribur.de\\\/blog\\\/historisches\\\/absetzung-karls-iii-887\\\/#primaryimage\",\"url\":\"http:\\\/\\\/www.tribur.de\\\/Karen\\\/Tribur\\\/karliii.gif\",\"contentUrl\":\"http:\\\/\\\/www.tribur.de\\\/Karen\\\/Tribur\\\/karliii.gif\"},{\"@type\":\"BreadcrumbList\",\"@id\":\"https:\\\/\\\/www.tribur.de\\\/blog\\\/historisches\\\/absetzung-karls-iii-887\\\/#breadcrumb\",\"itemListElement\":[{\"@type\":\"ListItem\",\"position\":1,\"name\":\"Home\",\"item\":\"https:\\\/\\\/www.tribur.de\\\/blog\\\/\"},{\"@type\":\"ListItem\",\"position\":2,\"name\":\"Historisches\",\"item\":\"https:\\\/\\\/www.tribur.de\\\/blog\\\/historisches\\\/\"},{\"@type\":\"ListItem\",\"position\":3,\"name\":\"Absetzung Karls III. 887\"}]},{\"@type\":\"WebSite\",\"@id\":\"https:\\\/\\\/www.tribur.de\\\/blog\\\/#website\",\"url\":\"https:\\\/\\\/www.tribur.de\\\/blog\\\/\",\"name\":\"Tribur.de\",\"description\":\"Tribur.de - Geschichte und so Zeugs\",\"publisher\":{\"@id\":\"https:\\\/\\\/www.tribur.de\\\/blog\\\/#\\\/schema\\\/person\\\/3119997f09f43791809c2d1af27bba6c\"},\"potentialAction\":[{\"@type\":\"SearchAction\",\"target\":{\"@type\":\"EntryPoint\",\"urlTemplate\":\"https:\\\/\\\/www.tribur.de\\\/blog\\\/?s={search_term_string}\"},\"query-input\":{\"@type\":\"PropertyValueSpecification\",\"valueRequired\":true,\"valueName\":\"search_term_string\"}}],\"inLanguage\":\"de\"},{\"@type\":[\"Person\",\"Organization\"],\"@id\":\"https:\\\/\\\/www.tribur.de\\\/blog\\\/#\\\/schema\\\/person\\\/3119997f09f43791809c2d1af27bba6c\",\"name\":\"Markus Zwittmeier\",\"image\":{\"@type\":\"ImageObject\",\"inLanguage\":\"de\",\"@id\":\"https:\\\/\\\/i0.wp.com\\\/www.tribur.de\\\/blog\\\/wp-content\\\/uploads\\\/2018\\\/09\\\/cropped-logotest-4.jpg?fit=200%2C200&ssl=1\",\"url\":\"https:\\\/\\\/i0.wp.com\\\/www.tribur.de\\\/blog\\\/wp-content\\\/uploads\\\/2018\\\/09\\\/cropped-logotest-4.jpg?fit=200%2C200&ssl=1\",\"contentUrl\":\"https:\\\/\\\/i0.wp.com\\\/www.tribur.de\\\/blog\\\/wp-content\\\/uploads\\\/2018\\\/09\\\/cropped-logotest-4.jpg?fit=200%2C200&ssl=1\",\"width\":200,\"height\":200,\"caption\":\"Markus Zwittmeier\"},\"logo\":{\"@id\":\"https:\\\/\\\/i0.wp.com\\\/www.tribur.de\\\/blog\\\/wp-content\\\/uploads\\\/2018\\\/09\\\/cropped-logotest-4.jpg?fit=200%2C200&ssl=1\"},\"sameAs\":[\"http:\\\/\\\/www.Tribur.de\",\"http:\\\/\\\/www.facebook.com\\\/pages\\\/Triburde\\\/184352328288771\",\"https:\\\/\\\/www.instagram.com\\\/tribur.de\\\/\",\"https:\\\/\\\/x.com\\\/https:\\\/\\\/twitter.com\\\/tribur\",\"https:\\\/\\\/www.youtube.com\\\/channel\\\/UCnEonou-x6_P4XPjBk2htCA\"]}]}<\/script>\n<!-- \/ Yoast SEO plugin. -->","yoast_head_json":{"title":"Absetzung Karls III. 887 - Tribur.de","robots":{"index":"index","follow":"follow","max-snippet":"max-snippet:-1","max-image-preview":"max-image-preview:large","max-video-preview":"max-video-preview:-1"},"canonical":"https:\/\/www.tribur.de\/blog\/historisches\/absetzung-karls-iii-887\/","og_locale":"de_DE","og_type":"article","og_title":"Absetzung Karls III. 887 - Tribur.de","og_description":"Karl III. oftmals auch als Karl der Dicke bezeichnet, war der letzte karolingische Herrscher der alle Teilreiche in Personalunion regierte und damit noch einmal das Reich Karl des Gro\u00dfen zusammenf\u00fchrte. Karl, Sohn Ludwigs des&#46;&#46;&#46;","og_url":"https:\/\/www.tribur.de\/blog\/historisches\/absetzung-karls-iii-887\/","og_site_name":"Tribur.de","article_publisher":"http:\/\/www.facebook.com\/pages\/Triburde\/184352328288771","article_modified_time":"2010-07-31T18:42:33+00:00","og_image":[{"url":"http:\/\/www.tribur.de\/Karen\/Tribur\/karliii.gif","type":"","width":"","height":""}],"twitter_card":"summary_large_image","twitter_site":"@tribur","twitter_misc":{"Gesch\u00e4tzte Lesezeit":"3\u00a0Minuten"},"schema":{"@context":"https:\/\/schema.org","@graph":[{"@type":"WebPage","@id":"https:\/\/www.tribur.de\/blog\/historisches\/absetzung-karls-iii-887\/","url":"https:\/\/www.tribur.de\/blog\/historisches\/absetzung-karls-iii-887\/","name":"Absetzung Karls III. 887 - Tribur.de","isPartOf":{"@id":"https:\/\/www.tribur.de\/blog\/#website"},"primaryImageOfPage":{"@id":"https:\/\/www.tribur.de\/blog\/historisches\/absetzung-karls-iii-887\/#primaryimage"},"image":{"@id":"https:\/\/www.tribur.de\/blog\/historisches\/absetzung-karls-iii-887\/#primaryimage"},"thumbnailUrl":"http:\/\/www.tribur.de\/Karen\/Tribur\/karliii.gif","datePublished":"2010-06-26T12:42:14+00:00","dateModified":"2010-07-31T18:42:33+00:00","breadcrumb":{"@id":"https:\/\/www.tribur.de\/blog\/historisches\/absetzung-karls-iii-887\/#breadcrumb"},"inLanguage":"de","potentialAction":[{"@type":"ReadAction","target":["https:\/\/www.tribur.de\/blog\/historisches\/absetzung-karls-iii-887\/"]}]},{"@type":"ImageObject","inLanguage":"de","@id":"https:\/\/www.tribur.de\/blog\/historisches\/absetzung-karls-iii-887\/#primaryimage","url":"http:\/\/www.tribur.de\/Karen\/Tribur\/karliii.gif","contentUrl":"http:\/\/www.tribur.de\/Karen\/Tribur\/karliii.gif"},{"@type":"BreadcrumbList","@id":"https:\/\/www.tribur.de\/blog\/historisches\/absetzung-karls-iii-887\/#breadcrumb","itemListElement":[{"@type":"ListItem","position":1,"name":"Home","item":"https:\/\/www.tribur.de\/blog\/"},{"@type":"ListItem","position":2,"name":"Historisches","item":"https:\/\/www.tribur.de\/blog\/historisches\/"},{"@type":"ListItem","position":3,"name":"Absetzung Karls III. 887"}]},{"@type":"WebSite","@id":"https:\/\/www.tribur.de\/blog\/#website","url":"https:\/\/www.tribur.de\/blog\/","name":"Tribur.de","description":"Tribur.de - Geschichte und so Zeugs","publisher":{"@id":"https:\/\/www.tribur.de\/blog\/#\/schema\/person\/3119997f09f43791809c2d1af27bba6c"},"potentialAction":[{"@type":"SearchAction","target":{"@type":"EntryPoint","urlTemplate":"https:\/\/www.tribur.de\/blog\/?s={search_term_string}"},"query-input":{"@type":"PropertyValueSpecification","valueRequired":true,"valueName":"search_term_string"}}],"inLanguage":"de"},{"@type":["Person","Organization"],"@id":"https:\/\/www.tribur.de\/blog\/#\/schema\/person\/3119997f09f43791809c2d1af27bba6c","name":"Markus Zwittmeier","image":{"@type":"ImageObject","inLanguage":"de","@id":"https:\/\/i0.wp.com\/www.tribur.de\/blog\/wp-content\/uploads\/2018\/09\/cropped-logotest-4.jpg?fit=200%2C200&ssl=1","url":"https:\/\/i0.wp.com\/www.tribur.de\/blog\/wp-content\/uploads\/2018\/09\/cropped-logotest-4.jpg?fit=200%2C200&ssl=1","contentUrl":"https:\/\/i0.wp.com\/www.tribur.de\/blog\/wp-content\/uploads\/2018\/09\/cropped-logotest-4.jpg?fit=200%2C200&ssl=1","width":200,"height":200,"caption":"Markus Zwittmeier"},"logo":{"@id":"https:\/\/i0.wp.com\/www.tribur.de\/blog\/wp-content\/uploads\/2018\/09\/cropped-logotest-4.jpg?fit=200%2C200&ssl=1"},"sameAs":["http:\/\/www.Tribur.de","http:\/\/www.facebook.com\/pages\/Triburde\/184352328288771","https:\/\/www.instagram.com\/tribur.de\/","https:\/\/x.com\/https:\/\/twitter.com\/tribur","https:\/\/www.youtube.com\/channel\/UCnEonou-x6_P4XPjBk2htCA"]}]}},"jetpack_shortlink":"https:\/\/wp.me\/P1mHPu-1TX","jetpack_sharing_enabled":true,"_links":{"self":[{"href":"https:\/\/www.tribur.de\/blog\/wp-json\/wp\/v2\/pages\/7313","targetHints":{"allow":["GET"]}}],"collection":[{"href":"https:\/\/www.tribur.de\/blog\/wp-json\/wp\/v2\/pages"}],"about":[{"href":"https:\/\/www.tribur.de\/blog\/wp-json\/wp\/v2\/types\/page"}],"author":[{"embeddable":true,"href":"https:\/\/www.tribur.de\/blog\/wp-json\/wp\/v2\/users\/2"}],"replies":[{"embeddable":true,"href":"https:\/\/www.tribur.de\/blog\/wp-json\/wp\/v2\/comments?post=7313"}],"version-history":[{"count":4,"href":"https:\/\/www.tribur.de\/blog\/wp-json\/wp\/v2\/pages\/7313\/revisions"}],"predecessor-version":[{"id":8134,"href":"https:\/\/www.tribur.de\/blog\/wp-json\/wp\/v2\/pages\/7313\/revisions\/8134"}],"up":[{"embeddable":true,"href":"https:\/\/www.tribur.de\/blog\/wp-json\/wp\/v2\/pages\/7284"}],"wp:attachment":[{"href":"https:\/\/www.tribur.de\/blog\/wp-json\/wp\/v2\/media?parent=7313"}],"curies":[{"name":"wp","href":"https:\/\/api.w.org\/{rel}","templated":true}]}}