{"version":"1.0","provider_name":"Tribur.de","provider_url":"https:\/\/www.tribur.de\/blog","author_name":"Markus Zwittmeier","author_url":"https:\/\/www.tribur.de\/blog\/author\/markus\/","title":"Trebur in den Regesten 829 - Tribur.de","type":"rich","width":600,"height":338,"html":"<blockquote class=\"wp-embedded-content\" data-secret=\"PiqNDHbqP7\"><a href=\"https:\/\/www.tribur.de\/blog\/2009\/07\/29\/trebur-in-den-regesten-829\/\">Trebur in den Regesten 829<\/a><\/blockquote><iframe sandbox=\"allow-scripts\" security=\"restricted\" src=\"https:\/\/www.tribur.de\/blog\/2009\/07\/29\/trebur-in-den-regesten-829\/embed\/#?secret=PiqNDHbqP7\" width=\"600\" height=\"338\" title=\"&#8222;Trebur in den Regesten 829&#8220; &#8211; Tribur.de\" data-secret=\"PiqNDHbqP7\" frameborder=\"0\" marginwidth=\"0\" marginheight=\"0\" scrolling=\"no\" class=\"wp-embedded-content\"><\/iframe><script>\n\/*! This file is auto-generated *\/\n!function(d,l){\"use strict\";l.querySelector&&d.addEventListener&&\"undefined\"!=typeof URL&&(d.wp=d.wp||{},d.wp.receiveEmbedMessage||(d.wp.receiveEmbedMessage=function(e){var t=e.data;if((t||t.secret||t.message||t.value)&&!\/[^a-zA-Z0-9]\/.test(t.secret)){for(var s,r,n,a=l.querySelectorAll('iframe[data-secret=\"'+t.secret+'\"]'),o=l.querySelectorAll('blockquote[data-secret=\"'+t.secret+'\"]'),c=new RegExp(\"^https?:$\",\"i\"),i=0;i<o.length;i++)o[i].style.display=\"none\";for(i=0;i<a.length;i++)s=a[i],e.source===s.contentWindow&&(s.removeAttribute(\"style\"),\"height\"===t.message?(1e3<(r=parseInt(t.value,10))?r=1e3:~~r<200&&(r=200),s.height=r):\"link\"===t.message&&(r=new URL(s.getAttribute(\"src\")),n=new URL(t.value),c.test(n.protocol))&&n.host===r.host&&l.activeElement===s&&(d.top.location.href=t.value))}},d.addEventListener(\"message\",d.wp.receiveEmbedMessage,!1),l.addEventListener(\"DOMContentLoaded\",function(){for(var e,t,s=l.querySelectorAll(\"iframe.wp-embedded-content\"),r=0;r<s.length;r++)(t=(e=s[r]).getAttribute(\"data-secret\"))||(t=Math.random().toString(36).substring(2,12),e.src+=\"#?secret=\"+t,e.setAttribute(\"data-secret\",t)),e.contentWindow.postMessage({message:\"ready\",secret:t},\"*\")},!1)))}(window,document);\n\/\/# sourceURL=https:\/\/www.tribur.de\/blog\/wp-includes\/js\/wp-embed.min.js\n<\/script>\n","description":"Ich hatte ja schon mal angek\u00fcndigt mich mit Trebur in den Regesten auseinander zu setzten und hier der erste Versuch. Treburs Ersterw\u00e4hnung im Jahr 829 (Regest 872) 11.September 829 Ludwig der Fromme h\u00e4lt sich&#46;&#46;&#46;","thumbnail_url":"https:\/\/i0.wp.com\/www.tribur.de\/blog\/wp-content\/uploads\/2018\/09\/cropped-logotest-2.jpg?fit=200%2C200&ssl=1","thumbnail_width":200,"thumbnail_height":200}

Ich hatte ja schon mal angekündigt mich mit Trebur in den Regesten auseinander zu setzten und hier der erste Versuch. Treburs Ersterwähnung im Jahr 829 (Regest 872) 11.September 829 Ludwig der Fromme hält sich&#46;&#46;&#46;
